11*c - 2. Let s(i) = 10*i + 1. Let h(u) = 3*m(u) + 2*s(u). List the prime factors of h(-3).
5, 7
Suppose -3*n - 5*l + 6*l = -13, 0 = 5*l - 25. Let j(d) = 3*d**2 - 6*d + 12. List the prime factors of j(n).
2, 3, 7
Let c(w) = -2*w + 20. Let g be c(9). Suppose -g*v - 5*q = -110, 11 = 2*v - 5*q - 99. What are the prime factors of v?
5, 11
Suppose 3*c = -2*a + 3380, -2*a = -3*c + 1401 + 1963. List the prime factors of c.
2, 281
Let b(q) = q**2 - 14*q - 18. Let c be b(15). What are the prime factors of (c + 2)*3 + 107?
2, 13
Let r(k) = 5*k**2 - 157*k + 171. List the prime factors of r(52).
5527
Suppose -323 = 2*b + 3*h - 1280, b - 4*h = 484. Suppose -3*k + 21 = -5*d - 704, 2*k - b = 4*d. List the prime factors of k.
2, 5
Let c(x) = 67*x + 26. What are the prime factors of c(5)?
19
Suppose 3*g - 4*b - 828 = 0, 2*g + 4*b - 269 = 283. List the prime factors of g.
2, 3, 23
Suppose -175476 = -k - 83*k. What are the prime factors of k?
2089
Suppose -13 = -4*y + b + 1, 3*y + 3*b - 3 = 0. Suppose -5*d - 2*t = -391, -y*d + 4*t = -219 - 26. List the prime factors of d.
79
Suppose -5363 = -15*s + 3472. List the prime factors of s.
19, 31
Let x(i) = -i**2 + 13*i - 9. Suppose 3*f = -f + 16. Suppose -7*o + 5*z = -2*o - 20, f*o + 3*z - 30 = 0. What are the prime factors of x(o)?
3, 11
Let s(w) be the first derivative of 6*w - 1 - 1/3*w**3 - 4*w**2. What are the prime factors of s(-7)?
13
Suppose 5*f - 2*v = -0*v + 434, -f = 4*v - 100. Suppose l = 3*k + f, 0 = -5*l - k + 323 + 85. What are the prime factors of l?
2, 41
Let r(y) = 31*y - 92. Let d(v) = 10*v - 31. Let k(i) = -8*d(i) + 3*r(i). List the prime factors of k(15).
167
Let a be (24/(-10))/(9/60). Let c = -11 - a. Suppose -5*m = -10, -4*l - c*m = -10*m - 94. List the prime factors of l.
2, 13
Let a be (46 - (0 - 3))*1. What are the prime factors of (-1 + 2)/(1/a*1)?
7
Let r(z) = -2*z**2 + 1 - z**2 + 2*z**2 + 5*z**2 + 3*z. What are the prime factors of r(2)?
23
Let i(c) = c**3 + 18*c**2 + 23*c - 14. Let t be i(-17). Let l = 171 + t. List the prime factors of l.
5, 11
Let b = -5 + 19. Let c be 372/28 + (-4)/b. Suppose c = j - 8. What are the prime factors of j?
3, 7
Let r(w) = -w**3 + 5*w**2 - w + 7. Let q be r(5). Suppose -q*j = -6*j + 8. List the prime factors of (-2561)/(-39) + j/6.
2, 3, 11
What are the prime factors of 5 - (-131 + 1 - -4) - -4?
3, 5
Suppose n = -3*g + 67, g + 2 = 3. Suppose n = -6*b + 8*b. List the prime factors of b.
2
Let a(z) be the first derivative of 1/2*z**2 + 2 + 1/3*z**3 - 3/4*z**4 + z. List the prime factors of a(-2).
3
Suppose 5*j = 9*j - 24. Suppose 3*f + 0*f = j. What are the prime factors of f?
2
Suppose o = -w + 232, -3*o + 161 + 533 = 4*w. What are the prime factors of o?
2, 3, 13
Let m(l) = -9*l**3 - 4*l**2 - 3*l + 7. Let g be m(-4). What are the prime factors of (-1)/(168/g - (-1)/(-3))?
59
Suppose -3*x + 5*h = -594 - 291, 4*x = 2*h + 1166. Let j = x + -141. What are the prime factors of j?
149
Let m(b) be the second derivative of -b**5/120 + 13*b**4/24 + 7*b**3/6 + 5*b. Let h(o) be the second derivative of m(o). List the prime factors of h(7).
2, 3
Suppose 16*n - 21*n = 20. Let q(z) = -3*z + 3. Let s(i) = 6*i - 7. Let c(f) = 5*q(f) + 2*s(f). List the prime factors of c(n).
13
Let j be 4/18 - (-47)/(-9). Let o be -2 - j/(10/(-44)). Let p = 38 + o. What are the prime factors of p?
2, 7
Suppose 0 = -7*i + 8*i. Suppose -j + 60 = -i*j. What are the prime factors of j?
2, 3, 5
Suppose -4*v + 10*v - 2484 = 0. What are the prime factors of v?
2, 3, 23
Let l be (-2)/(-5) + 54/15. Suppose p - l*a = -2*p + 59, -4*a = 20. What are the prime factors of (-9889)/(-143) - 2/p?
3, 23
Let k(b) = 84*b**3 + 2*b**2 - b. Suppose 3 - 2 = 3*p - x, 2*p = x. List the prime factors of k(p).
5, 17
List the prime factors of 2178 + 53 - (-1 - (-1 - -1)).
2, 3, 31
Let c = 18 + -25. Let m be ((-12)/14)/((-1)/c). Let a = 23 + m. List the prime factors of a.
17
Suppose -21*b - 778 = -12895. List the prime factors of b.
577
Suppose 0 = -182*y + 172*y + 50400. What are the prime factors of y?
2, 3, 5, 7
Suppose -5*r + 3 = -7, 3*o - 10257 = 3*r. What are the prime factors of o?
11, 311
Let b = 62 - 42. Suppose -b = -2*t + 4*c, -2*t - 3*c = 1 - 0. List the prime factors of t.
2
Let a = -27 + 26. List the prime factors of (a/2)/((-1)/148).
2, 37
Suppose 6*u + 2*p - 2534 = 3*u, 0 = -3*u + 5*p + 2527. List the prime factors of u.
2, 211
Let f = -43 + 880. List the prime factors of f.
3, 31
Suppose -3*w + 5*c + 80 = 0, 4*w + 2*c + c - 68 = 0. Suppose -w*l + 56 = -19*l. List the prime factors of l.
2, 7
Let t be -2 + 5 + 24 + -1. Suppose 0 = j - 4*q - t, -5*j + 2*q = -56 - 74. Suppose -5*h + 95 = r, j = 2*h + r - 9. What are the prime factors of h?
2, 5
Let s = 71 - -363. What are the prime factors of s?
2, 7, 31
Let x be -137 + (2 - 2/4*4). Let c = x - -272. What are the prime factors of c?
3, 5
List the prime factors of 574 + 0 + -6*(-6)/(-12).
571
Suppose -4*v + 111 = p, 0*p + 87 = 3*v - 3*p. Let o = v - 15. Suppose 3*s = 5 + o. List the prime factors of s.
2, 3
List the prime factors of (-12)/30 - (21214/(-10) - 3).
2, 3, 59
Suppose 3*p + 1186 = 5137. What are the prime factors of p?
3, 439
Let o(i) be the second derivative of i**4/6 - 25*i**3/6 - 5*i**2/2 + 6*i. List the prime factors of o(16).
107
Let i = 5497 - 3198. Suppose 0 = -36*s + 47*s - i. What are the prime factors of s?
11, 19
Suppose 5*t - 2*p - 3743 = 802, t = -2*p + 897. List the prime factors of t.
907
Let a(v) = 18*v + 10. Let p be a(-4). Let x = 164 + p. What are the prime factors of x?
2, 3, 17
Suppose -5*m - 6 = 3*z, -3*z - 2*m + 9 = 2*z. Suppose z*b - 2*s - 74 = 0, 0 = 2*b + 3*b - s - 135. Let q = b - 2. What are the prime factors of q?
2, 13
Let s = -3924 + 6755. What are the prime factors of s?
19, 149
Let w be (-8)/((-2)/(-180)*-4). Suppose 0 = 3*q - 8*q + w. Suppose q*s = 31*s + 225. List the prime factors of s.
3, 5
Suppose 5*b = 3*r + 170 + 36, 2*b - 82 = r. Suppose -b*y + 42*y = 120. List the prime factors of y.
2, 3, 5
Suppose 0 = -0*w - 3*w - 5*r + 2134, 2*w = -5*r + 1416. List the prime factors of w.
2, 359
Suppose 5*g = -n + 149, 0 = -4*n + 3*g + 2*g + 521. List the prime factors of n.
2, 67
Suppose 3908*g = 3906*g + 10334. List the prime factors of g.
5167
Let q(k) = 75*k. Let j be q(3). Let o = -725 + 731. Suppose j = o*r - r. List the prime factors of r.
3, 5
Let w(j) = 3*j + 16. Let a(q) = 4*q + 17. Let b(o) = -5*a(o) + 6*w(o). Let d be b(7). Let z(n) = -8*n + 7. What are the prime factors of z(d)?
31
Let l = -4011 - -5621. What are the prime factors of l?
2, 5, 7, 23
Suppose -4*z - 5*g = -5, 2*g + 0*g = 2. Suppose z*j - 2*j + 82 = 0. Suppose -j - 10 = -3*p. List the prime factors of p.
17
Let k(f) = 5*f**3 + 3*f**2 - 6*f + 10. Let n be k(3). Let m = 11 + n. List the prime factors of m.
3, 5, 11
Let t(r) = -7*r + 5*r**2 + 6 - 28*r**3 + 10*r**3 + 19*r**3. Let o(q) = q - 1. Let g be o(-5). List the prime factors of t(g).
2, 3
Let z be (-52)/(-9) + ((-28)/(-18))/7. Suppose 703 = z*c - 71. What are the prime factors of c?
3, 43
Let q be (-440)/(-25) - (-4)/10. Let g = q - 12. Suppose -g*k = -7*k + 52. What are the prime factors of k?
2, 13
Let m(z) = -63*z**3 - 9*z**2 + 5*z + 5. What are the prime factors of m(-2)?
463
Let t(d) = 2*d + 2. Let r = 20 + -20. Let f be t(r). Suppose 4*u - f*k = 278, 3*u - 192 = -0*u - 4*k. List the prime factors of u.
2, 17
List the prime factors of (-34352)/(-418) - (-4)/(-22).
2, 41
Let z = -11 - -10. Let d = 2 + z. What are the prime factors of 1/(d/37) - -2?
3, 13
Let d(w) = 500*w**3 - 8*w**2 - 5*w + 18. What are the prime factors of d(2)?
2, 7, 71
Suppose -2*s + 8 = -0*s. Let w(z) = -30*z**3 + z - z**2 + z - 9 - 3*z + 31*z**3. What are the prime factors of w(s)?
5, 7
What are the prime factors of (-8)/(-28) + (-82648)/(-28)*1?
2, 3, 41
Let v = 3 + 3. Let z(o) = -2*o + 26. List the prime factors of z(v).
2, 7
Let y be 142/5 + 4/(-10). Let a be -3*(-1 + (-100)/(-24))*-2. Let m = y - a. What are the prime factors of m?
3
Let h(c) = 7*c**2 + 29*c - 171. What are the prime factors of h(12)?
3, 5, 79
Suppose -9728*b + 9732*b - 12740 = 0. List the prime factors of b.
5, 7, 13
Suppose -2*q + 30 = 4*c, 0 = 2*c + 3*q - 3 - 10. List the prime factors of ((-9)/6)/(0 + (-3)/c).
2
Suppose 17*b - 15*b -